ppose 60*q + 2298 = 66*q. Suppose q + 433 = 4*y. What is the hundreds digit of y?
2
Let l(r) = 23*r**2. Let q be l(3). Suppose 41*v - 2*c = 42*v - 32, -85 = -5*v + 5*c. Suppose w + v = q. What is the units digit of w?
5
Let n(d) = 7*d - 3. Suppose 0 = -c + 4*o - 11, 5*o - 3 = 4*o. Let l be n(c). Suppose -l*q - 427 = -0*x - 5*x, 0 = -2*x - 4*q + 182. What is the tens digit of x?
8
Let g = 7443 - 3616. What is the thousands digit of g?
3
Let j(g) = 36*g + 0 - 31*g - 6. Let d be j(8). Let q = 154 - d. What is the tens digit of q?
2
Let x = 128773 - 72712. What is the thousands digit of x?
6
Let x = 184 - 182. What is the units digit of x/(-4 - (-5994)/1497)?
9
Let a = 22220 - 6712. What is the hundreds digit of a?
5
Suppose -o - 37*x + 34295 = -39*x, 4*o - 137180 = 5*x. What is the ten thousands digit of o?
3
Let h be (-8)/(-24)*15 - -10. Let y = h + 1095. What is the tens digit of y?
1
Suppose -h - 4*h + i = 18, -3*h - i = 6. Let c be 634 + h - 3*-1. Suppose -5*u - 2*p + 672 = 0, 4*u + 97 = -p + c. What is the units digit of u?
4
Let p be -1*3 + (0 - 37175/(-5)). Suppose 2320 = -12*j + p. What is the tens digit of j?
2
Suppose 17*m - 21*m - 3*q + 14304 = 0, -3*m + 4*q = -10703. What is the thousands digit of m?
3
Let g(q) = -q**3 - 12*q**2 + 31*q - 16. Let l be ((-15)/(-4))/(7/(-28)). What is the tens digit of g(l)?
9
Suppose -43*g + 38*g - 2*c = -112041, 22403 = g + 3*c. What is the units digit of g?
9
Suppose -4410 = -4*u - 10*u. Suppose -3843 = -22*b + u. What is the hundreds digit of b?
1
Let b = 7388 - 6909. What is the units digit of b?
9
Let u(k) = -k**2 + 17*k + 6. Let w = -25 - -29. Let z be (-2)/w*234/(-9). What is the units digit of u(z)?
8
Suppose 0 = -3*u - 3*r + 4*r + 4, 0 = -u - 3*r + 18. Let b(l) = 16*l**3 + 3*l**2 + 6*l - 8. What is the tens digit of b(u)?
6
Let a(s) = -s**3 + 6*s**2 + 2*s + 6. Let h = 1 + 85. Let x = -80 + h. What is the units digit of a(x)?
8
Let v = 901 + -275. Let w = -432 + v. What is the units digit of w?
4
Let h = -177 - -97. What is the tens digit of (1/(-2))/(4/h)?
1
Suppose 11*o - 769 = 6766. Suppose -s - o = -1347. What is the hundreds digit of s?
6
What is the tens digit of 9/2 + 590852/136?
4
Let k = -194 - -124. Let n = 70 + k. Suppose -384 = -3*h - 5*z, n = -3*h + 4*z + 232 + 125. What is the units digit of h?
3
Let t = -85 - -104. Let h(p) = p**3 - 20*p**2 + 28*p + 24. What is the tens digit of h(t)?
9
Suppose v = -2*b + 3, 5*v - 15 = -0*b + 5*b. Let c(j) = 17*j**2 + 11*j - 7. What is the hundreds digit of c(v)?
1
Suppose 289 = 51*j + 799. What is the tens digit of 11 - (j + 5 - (0 + -1))?
1
Let c be (-1 + -3)*(35/(-5) - -1). Suppose 0 = c*a - 4002 - 582. What is the units digit of a?
1
Suppose -5*f = 5*u - 22 - 13, -12 = -2*f - 3*u. Let t(p) = 7*p**2 + 14*p - 49. What is the units digit of t(f)?
4
Let t(x) = 4*x - 120. Let z be t(30). Let b = 243 + z. What is the tens digit of b?
4
What is the tens digit of (-5 - 13) + 8 + 8 - -5121?
1
Let w be ((-21)/(-14))/(9/(-12)). Let q be (-2 + w + 9)/((-1)/(-7)). Let i = -24 + q. What is the units digit of i?
1
Let t = 293 - 292. Let u(p) = 527*p**3 - p**2 + 2*p - 2. What is the hundreds digit of u(t)?
5
Let y(r) = 255*r**2 + 22*r. What is the tens digit of y(-6)?
4
Suppose 0 = 6*t - 10*t + 72. Let u(i) = 2*i + 58. Let o be u(t). Let v = o - 61. What is the units digit of v?
3
Suppose -3 = 5*s - 33. Suppose 0 = -t - s*t + 49. What is the units digit of -1*(37/(-7) - (-2)/t)?
5
Let m = 118 + -116. Let g be (48/18 - 2)*(-36)/m. What is the units digit of (g/3 - -5)*87?
7
What is the tens digit of 12/8*3/(-9)*-2396?
9
Let a be (-3)/6*(0 - (0 + 18)). Suppose a*u - 13*u = -16. Suppose s = -2, -503 = -7*t + 2*t + u*s. What is the tens digit of t?
9
Let z(g) = g + 29. Suppose 52 = 9*x - 38. What is the units digit of z(x)?
9
Suppose 45*t - 51*t + 346443 = 45*t. What is the hundreds digit of t?
7
Suppose 10 = 3*s + r, -7*r = 5*s - 2*r - 30. Suppose -4*g = -s*g - 268. What is the tens digit of g?
3
Let u(h) = 34*h + 984. Let a(f) = 70*f + 1967. Let z(l) = 4*a(l) - 7*u(l). What is the hundreds digit of z(0)?
9
Let q = 11392 + 6565. What is the units digit of q?
7
Let a(q) be the third derivative of -q**4/24 - 2*q**2. Let v be a(0). Suppose 0 = 5*u + 4*f - 442, -u - 4*u + f + 452 = v. What is the tens digit of u?
9
Let t = 41 - 17. Suppose p - t + 4 = 4*f, p + f + 5 = 0. Suppose -m + h + 7 = -p*m, 5*m + 5*h = 5. What is the units digit of m?
4
Let q = -9996 + 14458. What is the tens digit of q?
6
Let k(j) = j**3 + 17*j**2 + 8*j + 5. Let n(d) = -d**3 - 16*d**2 - 7*d - 5. Let p(b) = 5*k(b) + 6*n(b). What is the tens digit of p(-12)?
6
Suppose -130*g - 2246571 = -2767405 - 3072496. What is the ten thousands digit of g?
2
Let b = -105 + 185. Suppose -7*o + 21 + 14 = 0. Suppose d - b = -o*l, -2*l + 4*l = -d + 92. What is the tens digit of d?
0
Suppose 5*i = -5*k + 12 + 28, -32 = -i + 5*k. Suppose 0 = -3*x - i*x + 8070. What is the tens digit of x?
3
Let p = 18833 - 3248. What is the ten thousands digit of p?
1
Let j(l) = -8*l**3 + 3*l**2 - 11*l + 24. What is the tens digit of j(-7)?
9
What is the thousands digit of 97798/10 - (-11)/5?
9
Suppose 18*l = 19*l - 18907. Suppose -5927 + l = 22*n. What is the hundreds digit of n?
5
Suppose -4*g + 21 = -q, 2*g + 2*q = -0 - 2. Suppose 9*u + 1390 = 14*u - 5*k, -g*u + 1121 = 5*k. What is the hundreds digit of u?
2
Suppose 2*j + 276 = 4*i, 3*j + 0*j + 444 = -4*i. Let z = -198 - 60. Let u = j - z. What is the tens digit of u?
1
Suppose 8*t + 35 - 75 = 0. What is the tens digit of 1978*((-2)/t - 162/(-180))?
8
Let h = -41 + 56. Suppose -42*i + h = -39*i. Suppose -6*c + 3*c = s + i, s - 3 = -c. What is the units digit of s?
7
Let y(u) = 4*u**3 + 8*u**2 - 5. Let x(w) = -2*w - 13. Let h be x(-8). What is the hundreds digit of y(h)?
1
Let o(i) = -80*i + 3065. What is the hundreds digit of o(-56)?
5
Let a be (-3)/12 - -469*(-3)/(-12). Suppose 4*t - 707 = a. What is the units digit of t?
6
Let i = 18 - 16. Suppose 0 = i*s + 3*l - 11, -3*l - 29 = -4*s + 2. Let q(z) = z**3 - 6*z**2 + 2*z - 17. What is the tens digit of q(s)?
4
Suppose -55*u = -48*u + o - 62850, 4*o + 17940 = 2*u. What is the thousands digit of u?
8
Suppose 0 = a - h - 24908, -74773 = -3*a - 100*h + 96*h. What is the hundreds digit of a?
9
Suppose -339 = -9*v + 93. Suppose -v = 12*h - 8*h. What is the hundreds digit of (-6)/h*5/((-5)/(-214))?
1
Suppose 8*o = -12*o + 11280. Suppose 0 = -4*z + 324 + o. What is the hundreds digit of z?
2
What is the tens digit of ((-27272)/(-24) + -6)*(3 + 3) - 2?
8
Let z(q) = 212*q - 98. Let b = 385 - 381. What is the units digit of z(b)?
0
Let p(x) = 1080*x - 124. What is the units digit of p(3)?
6
Let r(j) = -1777*j - 571. What is the hundreds digit of r(-3)?
7
Suppose 2096404 = -17549*p + 17595*p. What is the ten thousands digit of p?
4
Suppose 554*l - 258132 = 533*l. What is the hundreds digit of l?
2
What is the tens digit of (-172)/(-43) + 0 + 8119?
2
Let g = -85308 - -134970. What is the ten thousands digit of g?
4
Let z(f) = f**3 + 66*f**2 - 335*f - 35. What is the tens digit of z(-69)?
9
Let o(x) = 44*x**2 - 6*x + 91. What is the tens digit of o(6)?
3
Let t be ((-7)/2)/7*-6. Suppose -5*i + 2*m = -17, -3*i + 0*m - t*m + 6 = 0. Suppose -i*o + o = -194. What is the units digit of o?
7
Let d = 10189 - 5492. Suppose -59*h = -64*h - 4*s + d, -1884 = -2*h + s. What is the hundreds digit of h?
9
Let v(s) = s**2 + 2. Let z(p) = -p + 1. Let t(y) = v(y) + 6*z(y). Let g(w) = 53*w - 313. Let r be g(6). What is the units digit of t(r)?
3
What is the hundreds digit of (-36007)/(-3) - (32/(-3) + 13)?
0
Let v = 1881 + 3019. Suppose 4*n = 4*d + v, -4*d + 6165 = 5*n - d. What is the hundreds digit of n?
2
Let i(h) = -h**3 - 6*h**2 + 29*h + 20. Let g be i(-9). Suppose 4*j + 934 = g*u, 4*u = 3*u + j + 471. What is the tens digit of u?
7
Let w(k) = 1621*k - 1217. What is the thousands digit of w(12)?
8
What is the ten thousands digit of (-7 - 26 - -29)*(58128/(-3))/2?
3
Let c(t) = -37*t**3 + 6*t**2 + 3*t - 7. Suppose -15*r - 18 = 27. What is the tens digit of c(r)?
3
Suppose -25656 = 3*z - 11*z. What is the hundreds digit of z?
2
Suppose 133 = 4*j - 255. Suppose 0*n + j = c + n, -4*n + 16 = 0. What is the tens digit of c?
9
Suppose -14*n + 27*n - 791179